 2?
27
What is (-103 + 108 - (1 + (-1 - -4) + -5)) + 5?
11
What is 29 + 29 + -81 + -10 + 6?
-27
Evaluate -13 + -1 + 6 + (12 + 1 - 11).
-6
(74 - 226) + 115 + 113
76
What is -25 + (40 - (23 - -6)) + 50?
36
Evaluate (86 - (28 + -14)) + 3 + 0 + 16.
91
-26 + 14 - 8 - (8 - 15)
-13
Evaluate 4 + (-34 - 5) + (-11 - 16 - -12) + 7.
-43
What is the value of (0 - -59 - (-46 - (-13 - 34))) + -10?
48
What is 186 - 166 - (-4 - -80)?
-56
Calculate 79 + -57 + -70 - -80.
32
What is the value of (26 - -8) + -41 + (60 - 130)?
-77
Calculate -71 + -120 + 150 + -1 + -2 + -14.
-58
What is the value of 9 + -24 + -230 + 287?
42
What is (-33 - -20) + 42 - 20 - -113?
122
What is 58 + -19 + 13 + 1 + -14?
39
Evaluate 5 - ((-11 - -4) + 3) - 3 - (-3 + 24).
-15
What is the value of 72 + 0 + 4 + 6 + -2 + (-222 - -226)?
84
Evaluate (-1 - (-78 - -34)) + (0 - -14) + -2.
55
Evaluate -5 - ((-1 + 6 + -2 - 10) + -160 + 266).
-104
Calculate (479 - 480) + (2 - -3) + -1 + -2 + -65.
-64
What is 26 + (-78 - (-37 - -31))?
-46
What is the value of -8 + (-295 - -288) + 43 + (-4 - -7)?
31
(42 - 115) + (-25 - -23 - 8)
-83
Evaluate 1 + (0 - 1) + (89 - (68 - -23)).
-2
Calculate -33 + (14 + 42 - -21).
44
What is the value of -46 - (-2 - -10) - (9 + (-21 - (-4 - 1)))?
-47
4 + (-1 - 0) + (48 - 33 - -23)
41
What is the value of (2 - -11 - (-29 + 148)) + 0 + (4 - 3)?
-105
What is 1 + 1 + 2 + (4 - (69 - -8) - -3)?
-66
Calculate (0 + 18 - (93 + -57 + 36)) + 18.
-36
45 - ((44 - 24) + 32) - (-68 + 1)
60
What is the value of 95 + -71 + (-66 - -1)?
-41
Evaluate 107 + (-31 - (-20 + 21 + -5)).
80
What is the value of (6 - (1 - -2)) + (43 - (78 - 10))?
-22
What is the value of -14 + 1 + 2 + (-95 - -79)?
-27
Calculate 88 + (10 - 64) + 78 + -3.
109
-117 + -89 + 100 + 12
-94
Calculate -45 - (30 - (25 + 39)).
-11
What is 0 + -1 + 7 - (-30 + (86 - 58))?
8
-3 - (-22 - -20) - 5 - (10 - -1)
-17
What is the value of -6 - (-5 - (19 + -36) - 20 - (-36 - 0))?
-34
Evaluate (-20 - (7 - 16 - 18)) + (2 - 3).
6
Calculate -153 + 176 - (7 + 17 + 1).
-2
Evaluate 47 + (8 - (-10 + (14 - -6))).
45
Calculate (3 - -9) + (-7 - (19 - (10 + -27))).
-31
What is 5 - (-60 + (-14 - (12 + -16)) - (18 - 4))?
89
Calculate (-37 - 44) + 6 + 167.
92
Evaluate -21 + (137 - -88) + -76.
128
What is the value of 32 + -13 + -12 + -6 + 1 + -14?
-12
What is the value of -2 - -2 - -21 - (3151 - 3154)?
24
Evaluate 20 - (207 + -186 - (1 - -12)).
12
-13 - -87 - 84 - -65
55
Evaluate 0 + 7 - (3 + -1) - 15 - (-1039 + 961).
68
Evaluate 119 - (122 - 63) - 36.
24
What is 36 + (19 - 19) + (12 + -7 - 2)?
39
What is (-41 - -34) + (-31 - 5) + 3 + -6?
-46
Calculate (-4 - (-4 + -23)) + -18 + -6 + 29 + -3.
25
Evaluate -111 - (-141 + -131 + 147).
14
-45 + 52 - (13 - 6 - (-2 - 4 - -5))
-1
Evaluate (-46 - -92) + -163 - -91.
-26
What is the value of (3 - 3 - -4 - (-32 - -141 - 27)) + 8?
-70
5 + (-3 + -24 + 18 - (3 - (-4 + 0)))
-11
Calculate 4 + -34 + -110 + -1 + (4 + -3 - 1).
-141
Evaluate 2041 - 2004 - (1 - -139) - (-6 + 0).
-97
Evaluate (-21 - -57) + -67 - -11.
-20
-18 + (114 - 30 - 47) + 14 + 1
34
Evaluate (-113 - 1) + -7 + -10 + 6 + 21.
-104
(-1 - (1 - 13)) + (-80 - (-238 - -158))
11
-45 + 56 + -30 - (-2 + 69)
-86
Evaluate -12 + 18 + (-15 + 11 - -30) + -10 + -3.
19
Calculate (4 - (-8 + 13)) + 4 + 28 + -4.
27
What is the value of (-1 - -1) + -1 + (193 - (-40 - -193))?
39
Evaluate (-2486 - -2408) + -26 + (-7 - -4).
-107
119 + 18 + -6 + -13 + 9 - 23
104
Calculate -5 - (5 - 8) - (-49 - -32) - (-1 + 10).
6
What is the value of -245 - -110 - -103 - (3 + -1 - -1)?
-35
What is the value of 21 + (3 - 7) + (-3 - 6) + -38?
-30
Calculate (-3 + 0 - -16) + (11 - -15) + 7.
46
Evaluate 6 + (9 - 6) + 11 + 19 + -49.
-10
What is (1 + 17 - (-17 - -44)) + 50?
41
Calculate (-66 - -33) + (-5 - -14) + 53.
29
Calculate -1 - (-5 + 2 + 8) - (-22 + 16 + 4).
-4
-48 + -33 - (-13 - -4 - 3) - (1 - 0)
-70
Calculate -10 - (-47 - (-11 + (-4 - (5 + -32)))).
49
What is the value of 8 + 3 + -3 + -9 + 28?
27
-2 + -19 + (9 - -6) + 22 - 9
7
Evaluate -29 + (-17 + (-21 - -21) - -7).
-39
Evaluate 62 + (-62 - -26) + 46 + (-1 - 7).
64
0 - ((-3 - 0) + (-176 - -128))
51
Evaluate 17 + (-41 - 21) + 11 + 25 + -17.
-26
Calculate -22 + 18 + 19 - (-21 - 3).
39
Evaluate (6 - 2) + -12 - (9 - (-5 + 42)).
20
Calculate -15 - (-16 + (-20 - -20)) - -12 - (96 - 2).
-81
Evaluate -10 + -3 + -8 + -24 + 14 + 8.
-23
-1 - -1 - -3 - 0 - (-4237 - -4251)
-11
-1 + (20 - 5) - (-51 + 62)
3
Evaluate -57 + 4 + (-41 - -37 - (-2 + 12)).
-67
Evaluate (-9 - -88) + 10 + (20 - 11) + -13.
85
What is -34 - (-36 + (17 - (59 - 20)))?
24
Calculate (0 - -1 - -2) + 72 + (-79 - 13).
-17
Calculate -41 + (13 + -53 - -62).
-19
Evaluate (18 + -59 + 31 - (-9 - -3)) + 13.
9
Evaluate 12 - -1 - ((131 - 126) + -25).
33
Evaluate 48 + (5 - 22) + (-7 - (-12 + 25)).
11
What is -10 + (2 - ((10 + -10 - -11) + -8)) - 53?
-64
What is 86 + 15 + 57 + -28 + -2?
128
Evaluate (-19 - -69) + 10 - 20.
40
Evaluate 2 + (-3 - -2) + -8 - (77 - (171 + -74)).
13
-746 + 718 + (0 - -33)
5
What is the value of 18 - -204 - (-227 - -333)?
116
-85 - ((16 - (-13 - 8)) + -18) - -24
-80
(58 + -7 - 15) + 1 - (8 + 0)
29
What is the value of 15 - (7 + (1 - (-17 + -11)))?
-21
What is the value of -1 + 13 - (8 - (-15 - -3) - 18 - -7)?
3
What is the value of 27 - (144 + -86 + 27)?
-58
Calculate (-35 - -51) + -5 + -1 + -18 + 4 + -36.
-40
Evaluate -5 + 0 + 17 - (-16 + -16 - (-14 - -2)).
32
What is the value of -205 + 183 - (1 - 0) - 24?
-47
Calculate (-14 + 52 - 15) + -17 - (35 + -2 + 0).
-27
What is 13 + (4 - 14 - (-7 + 0 + -117)) - 0?
127
What is 43 + -2 - (-2888 + 2901)?
28
What is -31 + (23 - 19) + -15 + 20?
-22
What is the value of 5 + -52 + (4 - (5 - -4 - 8) - 7)?
-51
What is -7 + 21 - (-307 - -321)?
0
Evaluate (1 - -128) + -305 + 322 - 1 - 2.
143
What is the value of (57 - 9) + -47 + 24 + 2?
27
-8 + -3 + (38 + -47 - (-4 - 54) - 16)
22
-95 + 102 + -32 + -20 + (-12 - 1) + 0
-58
What is the value of (3 + 38 - 61) + -28 + 2?
-46
55 + (3 - (2 - 23)) + (-64 - -63)
78
What is the value of -1 - (9 + 3 + -18 + 4 + 11 - 48)?
38
Evaluate (29 - -1 - (-13 + -3 - 8 - -37)) + 16.
33
Evaluate 1 + -1 + (19474 - 19408).
66
Calculate -5 + 1 + (4 - -1) + -8 + 18 + -101.
-90
What is -16 + (-16 - -2) + 18 - 26?
-38
Calculate 2 - (-9 - -3) - (-57 - -65).
0
(-16 - (48 - 38)) + -9
-35
What is the value of 0 + 48 - (-8 + (11 - (-13 - (-33 - -14))))?
51
What is (-66 - (-22 + -5)) + 81 - -38?
80
What is (11 - -1) + -6 + (-4 - 20)?
-18
Evaluate 31 - 28 - 22 - -7 - (-49 + 0).
37
What is -3 - 27 - (2 + 3 + -6 + -6)?
-23
What is (1 - 56) + -748 + 775 - -4?
-24
Calculate 2 - 8 - (31 - (65 - (41 + -2))).
-11
What is 98 + (-41 - 189) + 243?
111
43 + (192 + -102 - (-11 - -34))
110
Evaluate 2 + (73 + 0 - -1) - (90 - -152 - 254).
88
Evaluate -10 + (-58 - -7) - (-3 + -3 + -9 + 13).
-59
What is 13 - (-15 + (-6 - -18) + -9 + 4 - 2)?
23
What is the value of -15 + (9 - (-18 - (9 + -23)))?
-2
Evaluate (-39 + 19 - 22) + 53.
11
50 - (-3 + 2 + 46 + -47)
52
What is 1 + -5 - (-76 + (-10 + 2 - (16 - 35)))?
61
What is the value of (-54 - (13 + 14 + (12 - 24))) + -1?
-70
What is the value of 24 + -23 + 50 - 14 - (-6 + -6 - 3)?
52
What is 18 + 25 + 2 + -1 + (3 - 19)?
28
Evaluate 36 - (38 + -4 + -25 - -20).
7
-21 - (10 - (-11 - (-27 - -6))) - -8
-13
(19 - (15 + 19 - 30)) + 15
30
Calculate -46 + -111 - -40 - -57.
-60
Calculate 132 + -144 + 7 - (-46 - -1).
40
What is -2 - 12 - (-230 + 225 + (0 - 1))?
-8
What is the value of 53 - (-24 + (13 - -10)) - 25?
29
Evaluate -112 - (111 - (-72 - -229)).
-66
-12 - ((-1 - (-13 + 0)) + -5 + 30)
-49
Calculate -10 + (31 - 36 - -135 - 33).
87
Calculate -1 + 21 + 31 + (-122 - -112).
41
Evaluate 149 - (5 - (53 + -104)).
93
Calculate 3 - (68 - ((31 - 14) + -13)).
-61
Evaluate (-64 - -23) + 38 + 61.
58
Calculate -73 + (8 + 1 - (24 + (-47 - -35))).
-76
What is (-741 - -689) + 8 + 1?
-43
What is -24 + 9 + 15 + -13 + (-28 - -1)?
-40
What is the value of 169 + -19 + -201 - (5 - -1)?
-57
What is the value of (12 - 0) + (-2202 - -2276) + -11?
75
What is (-35 - (-44 - 7)) + (14 - (2 - 3))?
31
Evaluate 83 - (58 + (-86 - -96)).
15
What is -30 + -29 + 30 + 24 + 80 + -3 + -2?
70
-50 - 7 - (1 + (-16 - -4) + 10)
-56
What is 65 + (-12 + (15 + 6 - (1 + 13)) - -16)?
76
What is -13 - (66 - 55 - (-5 + 3) - 19)?
-7
(6 - 2) + -79 + -2 + -3